e the remainder when 3392 is divided by 117.
116
Calculate the remainder when 1142 is divided by 37.
32
What is the remainder when 3365 is divided by 198?
197
Calculate the remainder when 192162 is divided by 202.
60
Calculate the remainder when 18302 is divided by 218.
208
Calculate the remainder when 207984 is divided by 303.
126
Calculate the remainder when 1830 is divided by 383.
298
Calculate the remainder when 23194 is divided by 149.
99
What is the remainder when 4572 is divided by 1386?
414
Calculate the remainder when 173460 is divided by 83.
73
What is the remainder when 317992 is divided by 636?
628
Calculate the remainder when 1268920 is divided by 183.
181
What is the remainder when 121799 is divided by 29?
28
What is the remainder when 150065 is divided by 302?
273
What is the remainder when 1607482 is divided by 287?
282
Calculate the remainder when 793527 is divided by 9.
6
What is the remainder when 3128 is divided by 387?
32
What is the remainder when 1072 is divided by 504?
64
Calculate the remainder when 609333 is divided by 117.
114
What is the remainder when 5147 is divided by 401?
335
What is the remainder when 217 is divided by 46?
33
What is the remainder when 186710 is divided by 19?
16
Calculate the remainder when 8027 is divided by 18.
17
What is the remainder when 10179 is divided by 1681?
93
Calculate the remainder when 12469 is divided by 963.
913
Calculate the remainder when 602598 is divided by 98.
94
Calculate the remainder when 192906 is divided by 474.
462
Calculate the remainder when 672 is divided by 583.
89
What is the remainder when 17261 is divided by 101?
91
Calculate the remainder when 182737 is divided by 858.
841
What is the remainder when 8456 is divided by 1711?
1612
Calculate the remainder when 305004 is divided by 13.
11
What is the remainder when 223992 is divided by 545?
542
What is the remainder when 1275 is divided by 437?
401
Calculate the remainder when 990176 is divided by 7.
5
What is the remainder when 234024 is divided by 23?
22
Calculate the remainder when 12268 is divided by 6126.
16
What is the remainder when 159981 is divided by 12?
9
What is the remainder when 31107 is divided by 241?
18
What is the remainder when 18202 is divided by 8970?
262
Calculate the remainder when 1874046 is divided by 22.
20
Calculate the remainder when 1281 is divided by 183.
0
Calculate the remainder when 6334 is divided by 9.
7
What is the remainder when 1677 is divided by 238?
11
What is the remainder when 18255 is divided by 71?
8
Calculate the remainder when 4163737 is divided by 99.
94
Calculate the remainder when 4936 is divided by 1229.
20
Calculate the remainder when 139454 is divided by 61.
8
What is the remainder when 749468 is divided by 5?
3
What is the remainder when 7780 is divided by 41?
31
What is the remainder when 1300 is divided by 32?
20
Calculate the remainder when 3080 is divided by 975.
155
What is the remainder when 1464218 is divided by 32?
26
Calculate the remainder when 40673 is divided by 8132.
13
Calculate the remainder when 13350 is divided by 6658.
34
What is the remainder when 7050 is divided by 9?
3
Calculate the remainder when 79514 is divided by 6618.
98
Calculate the remainder when 40879 is divided by 33.
25
What is the remainder when 9289 is divided by 62?
51
Calculate the remainder when 7395 is divided by 2428.
111
What is the remainder when 25936 is divided by 6334?
600
What is the remainder when 64464 is divided by 47?
27
Calculate the remainder when 11671 is divided by 32.
23
Calculate the remainder when 29497 is divided by 5886.
67
Calculate the remainder when 1034 is divided by 29.
19
Calculate the remainder when 226 is divided by 208.
18
Calculate the remainder when 730 is divided by 715.
15
What is the remainder when 38655 is divided by 151?
150
Calculate the remainder when 381046 is divided by 13.
3
Calculate the remainder when 27064 is divided by 2230.
304
What is the remainder when 338079 is divided by 841?
838
What is the remainder when 852 is divided by 27?
15
Calculate the remainder when 6973 is divided by 2149.
526
What is the remainder when 5459 is divided by 386?
55
Calculate the remainder when 194055 is divided by 2156.
15
What is the remainder when 16621 is divided by 55?
11
What is the remainder when 64912 is divided by 198?
166
Calculate the remainder when 4197 is divided by 1045.
17
Calculate the remainder when 1349 is divided by 645.
59
Calculate the remainder when 21783 is divided by 7259.
6
What is the remainder when 281684 is divided by 399?
389
Calculate the remainder when 600489 is divided by 300229.
31
What is the remainder when 154753 is divided by 543?
541
What is the remainder when 7546 is divided by 1873?
54
What is the remainder when 51592 is divided by 568?
472
What is the remainder when 15829 is divided by 273?
268
Calculate the remainder when 102751 is divided by 208.
207
Calculate the remainder when 41626 is divided by 681.
85
Calculate the remainder when 762 is divided by 9.
6
What is the remainder when 56744 is divided by 3152?
8
What is the remainder when 171249 is divided by 804?
801
Calculate the remainder when 12142 is divided by 380.
362
What is the remainder when 1569 is divided by 223?
8
Calculate the remainder when 9710 is divided by 446.
344
What is the remainder when 198357 is divided by 285?
282
What is the remainder when 1054 is divided by 734?
320
What is the remainder when 450 is divided by 9?
0
Calculate the remainder when 867009 is divided by 626.
625
What is the remainder when 691707 is divided by 22?
5
Calculate the remainder when 34487 is divided by 34476.
11
Calculate the remainder when 22353 is divided by 9.
6
Calculate the remainder when 199994 is divided by 108.
86
What is the remainder when 14816 is divided by 549?
542
Calculate the remainder when 6512 is divided by 53.
46
What is the remainder when 11936 is divided by 94?
92
Calculate the remainder when 20520 is divided by 65.
45
Calculate the remainder when 197834 is divided by 363.
362
What is the remainder when 944254 is divided by 949?
948
What is the remainder when 24706 is divided by 24680?
26
What is the remainder when 1272010 is divided by 42?
40
What is the remainder when 459206 is divided by 15?
11
What is the remainder when 1994 is divided by 756?
482
What is the remainder when 3840 is divided by 148?
140
Calculate the remainder when 6301 is divided by 1149.
556
Calculate the remainder when 17212 is divided by 5727.
31
What is the remainder when 4484 is divided by 561?
557
Calculate the remainder when 4686 is divided by 228.
126
Calculate the remainder when 38626 is divided by 653.
99
What is the remainder when 18812 is divided by 18789?
23
What is the remainder when 7056 is divided by 66?
60
What is the remainder when 12974 is divided by 993?
65
What is the remainder when 354797 is divided by 197?
0
What is the remainder when 138673 is divided by 197?
182
Calculate the remainder when 2415 is divided by 1908.
507
Calculate the remainder when 14055 is divided by 27.
15
What is the remainder when 953 is divided by 325?
303
What is the remainder when 32404 is divided by 118?
72
Calculate the remainder when 467 is divided by 250.
217
What is the remainder when 120549 is divided by 126?
93
Calculate the remainder when 67805 is divided by 326.
323
What is the remainder when 29631 is divided by 14?
7
What is the remainder when 6583 is divided by 657?
13
What is the remainder when 42606 is divided by 268?
262
What is the remainder when 233265 is divided by 1090?
5
What is the remainder when 10202 is divided by 329?
3
Calculate the remainder when 53439 is divided by 17674.
417
Calculate the remainder when 6203 is divided by 291.
92
What is the remainder when 38424 is divided by 752?
72
Calculate the remainder when 43909 is divided by 709.
660
What is the remainder when 30665 is divided by 41?
38
Calculate the remainder when 604440 is divided by 4614.
6
What is the remainder when 161248 is divided by 443?
439
Calculate the remainder when 704 is divided by 307.
90
Calculate the remainder when 54164 is divided by 6018.
2
What is the remainder when 30519 is divided by 2773?
16
Calculate the remainder when 731358 is divided by 7170.
18
What is the rem